{"id":790,"date":"2020-04-03T16:16:18","date_gmt":"2020-04-03T16:16:18","guid":{"rendered":"https:\/\/52.pt\/make\/?page_id=790"},"modified":"2020-11-26T12:28:06","modified_gmt":"2020-11-26T12:28:06","slug":"portfolio-2","status":"publish","type":"page","link":"https:\/\/52.pt\/make\/portfolio-2\/","title":{"rendered":"Portfolio"},"content":{"rendered":"<div  class=\"tatsu-G_GMyoURX0 tatsu-section  tatsu-bg-overlay   tatsu-clearfix\" data-title=\"\"  data-headerscheme=\"background--dark\"><div class = \"tatsu-shape-divider tatsu-top-divider tatsu-shape-over\"><svg xmlns=\"http:\/\/www.w3.org\/2000\/svg\" preserveAspectRatio=\"none\" viewBox=\"0 0 1920 120\">\n  <path fill-rule=\"evenodd\" d=\"M0,37.9621684 C300.495844,88.578393 620.495844,88.578393 960,37.9621684 C1299.50416,-12.6540561 1619.50416,-12.6540561 1920,37.9621684 L1920,102 L0,102 L0,37.9621684 Z\" transform=\"matrix(1 0 0 -1 0 102)\"\/>\n<\/svg>\n<\/div><div class='tatsu-section-pad clearfix' data-padding='{\"d\":\"21px 0px 90px 0px\"}' data-padding-top='21px'><div class=\"tatsu-row-wrap  tatsu-wrap tatsu-row-one-col tatsu-row-has-one-cols tatsu-medium-gutter tatsu-reg-cols  tatsu-clearfix tatsu-hk9kPLJ4dq\" ><div  class=\"tatsu-row \" ><div  class=\"tatsu-column  tatsu-bg-overlay tatsu-one-col tatsu-column-image-none tatsu-column-effect-none  tatsu-Vj0HHusG-\"  data-parallax-speed=\"0\" style=\"\"><div class=\"tatsu-column-inner \" ><div class=\"tatsu-column-pad-wrap\"><div class=\"tatsu-column-pad\" ><div  class = \"portfolio-all-wrap oshine-portfolio-module tatsu-oH4odnKIq\"  > <div class=\"portfolio full-screen  full-screen-gutter masonry_disable style1-gutter three-col \"  data-action=\"get_ajax_full_screen_gutter_portfolio\" data-category=\"\" data-aspect-ratio = \"1.6\" data-enable-masonry=\"0\" data-showposts=\"9\" data-paged=\"2\" data-col=\"three\" data-gallery=\"0\" data-filter=\"portfolio_categories\" data-meta_to_show=\"portfolio_categories\" data-show_filters=\"yes\" data-thumbnail-bg-color=\"\" data-thumbnail-bg-gradient=\"\" data-title-style=\"style3\" data-cat-color=\"\" data-title-color=\"\" data-hover-style=\"style3-hover\" data-gutter-width=\"40\" data-img-grayscale=\"c_to_c\"\" data-gradient-style-color=\"\" data-cat-hide=\"0\" data-like-indicator=\"1\" style=\"margin-right: 40px;\"><div class=\"filters clearfix border align-center\" style=\"margin-left:40px;\"><div class=\"filter_item\"><span class=\"sort current_choice\" data-id=\"element\">All<\/span><\/div><div class=\"filter_item\"><span class=\"sort\" data-id=\"cenografia\">Cenografia<\/span><\/div><div class=\"filter_item\"><span class=\"sort\" data-id=\"decoracao\">Decora\u00e7\u00e3o<\/span><\/div><div class=\"filter_item\"><span class=\"sort\" data-id=\"exterior\">Exterior<\/span><\/div><div class=\"filter_item\"><span class=\"sort\" data-id=\"mobiliario-personalizado\">Mobili\u00e1rio personalizado<\/span><\/div><div class=\"filter_item\"><span class=\"sort\" data-id=\"sinaletica\">Sinal\u00e9tica<\/span><\/div><\/div><div class=\"portfolio-container clickable clearfix portfolio-shortcode  none \"><div class=\"element be-hoverlay not-wide no-wide-width-height style3-hover c_to_c style3-title\"style=\"margin-bottom: 40px;\" data-category-names = \"exterior \"><div class=\"element-inner\" style=\"margin-left: 40px;\"><a href=\"https:\/\/52.pt\/make\/portfolio\/abrigo-de-jardim-2\/\" class=\" thumb-wrap   \" data-gdpr-atts={} title=\"abrigo_filipa_00\" ><div class=\"flip-wrap\" ><div   style = \"padding-bottom : 62.5%;;\" class=\"flip-img-wrap\"><img src=\"https:\/\/i0.wp.com\/52.pt\/make\/wp-content\/uploads\/2020\/12\/abrigo_filipa_00.jpg?resize=650%2C406&ssl=1\" alt=\"\"\/><\/div><\/div><div class=\"thumb-overlay \"><div class=\"thumb-bg \" ><div class=\"thumb-title-wrap \"><div class=\"thumb-title animated animation-trigger\" data-animation-type=\"none\">Abrigo de Jardim<\/div><div class=\"portfolio-item-cats animated animation-trigger\" data-animation-type=\"none\"><span>Exterior<\/span><\/div><\/div><\/div><\/div><\/a><\/div><\/div><div class=\"element be-hoverlay not-wide no-wide-width-height style3-hover c_to_c style3-title\"style=\"margin-bottom: 40px;\" data-category-names = \"mobiliario-personalizado \"><div class=\"element-inner\" style=\"margin-left: 40px;\"><a href=\"https:\/\/52.pt\/make\/portfolio\/estante-madeira-2\/\" class=\" thumb-wrap   \" data-gdpr-atts={} title=\"estante_antonio_00\" ><div class=\"flip-wrap\" ><div   style = \"padding-bottom : 62.5%;;\" class=\"flip-img-wrap\"><img src=\"https:\/\/i0.wp.com\/52.pt\/make\/wp-content\/uploads\/2020\/12\/estante_antonio_00.jpg?resize=650%2C406&ssl=1\" alt=\"\"\/><\/div><\/div><div class=\"thumb-overlay \"><div class=\"thumb-bg \" ><div class=\"thumb-title-wrap \"><div class=\"thumb-title animated animation-trigger\" data-animation-type=\"none\">Estante Madeira<\/div><div class=\"portfolio-item-cats animated animation-trigger\" data-animation-type=\"none\"><span>Mobili\u00e1rio personalizado<\/span><\/div><\/div><\/div><\/div><\/a><\/div><\/div><div class=\"element be-hoverlay not-wide no-wide-width-height style3-hover c_to_c style3-title\"style=\"margin-bottom: 40px;\" data-category-names = \"mobiliario-personalizado \"><div class=\"element-inner\" style=\"margin-left: 40px;\"><a href=\"https:\/\/52.pt\/make\/portfolio\/estante-madeira\/\" class=\" thumb-wrap   \" data-gdpr-atts={} title=\"estante_fernando_00\" ><div class=\"flip-wrap\" ><div   style = \"padding-bottom : 62.5%;;\" class=\"flip-img-wrap\"><img src=\"https:\/\/i0.wp.com\/52.pt\/make\/wp-content\/uploads\/2020\/12\/estante_fernando_00.jpg?resize=650%2C406&ssl=1\" alt=\"\"\/><\/div><\/div><div class=\"thumb-overlay \"><div class=\"thumb-bg \" ><div class=\"thumb-title-wrap \"><div class=\"thumb-title animated animation-trigger\" data-animation-type=\"none\">Estante Madeira<\/div><div class=\"portfolio-item-cats animated animation-trigger\" data-animation-type=\"none\"><span>Mobili\u00e1rio personalizado<\/span><\/div><\/div><\/div><\/div><\/a><\/div><\/div><div class=\"element be-hoverlay not-wide no-wide-width-height style3-hover c_to_c style3-title\"style=\"margin-bottom: 40px;\" data-category-names = \"mobiliario-personalizado \"><div class=\"element-inner\" style=\"margin-left: 40px;\"><a href=\"https:\/\/52.pt\/make\/portfolio\/estante-ferro\/\" class=\" thumb-wrap   \" data-gdpr-atts={} title=\"estante_ferro_00\" ><div class=\"flip-wrap\" ><div   style = \"padding-bottom : 62.5%;;\" class=\"flip-img-wrap\"><img src=\"https:\/\/i0.wp.com\/52.pt\/make\/wp-content\/uploads\/2020\/12\/estante_ferro_00.jpg?resize=650%2C406&ssl=1\" alt=\"\"\/><\/div><\/div><div class=\"thumb-overlay \"><div class=\"thumb-bg \" ><div class=\"thumb-title-wrap \"><div class=\"thumb-title animated animation-trigger\" data-animation-type=\"none\">Estante Ferro<\/div><div class=\"portfolio-item-cats animated animation-trigger\" data-animation-type=\"none\"><span>Mobili\u00e1rio personalizado<\/span><\/div><\/div><\/div><\/div><\/a><\/div><\/div><div class=\"element be-hoverlay not-wide no-wide-width-height style3-hover c_to_c style3-title\"style=\"margin-bottom: 40px;\" data-category-names = \"decoracao mobiliario-personalizado sinaletica \"><div class=\"element-inner\" style=\"margin-left: 40px;\"><a href=\"https:\/\/52.pt\/make\/portfolio\/pizzeria-garca-morena\/\" class=\" thumb-wrap   \" data-gdpr-atts={} title=\"garca_morena_00\" ><div class=\"flip-wrap\" ><div   style = \"padding-bottom : 62.5%;;\" class=\"flip-img-wrap\"><img src=\"https:\/\/i0.wp.com\/52.pt\/make\/wp-content\/uploads\/2020\/12\/garca_morena_00.jpg?resize=650%2C406&ssl=1\" alt=\"\"\/><\/div><\/div><div class=\"thumb-overlay \"><div class=\"thumb-bg \" ><div class=\"thumb-title-wrap \"><div class=\"thumb-title animated animation-trigger\" data-animation-type=\"none\">Pizzeria Gar\u00e7a Morena<\/div><div class=\"portfolio-item-cats animated animation-trigger\" data-animation-type=\"none\"><span>Decora\u00e7\u00e3o<\/span><span> &middot; <\/span><span>Mobili\u00e1rio personalizado<\/span><span> &middot; <\/span><span>Sinal\u00e9tica<\/span><\/div><\/div><\/div><\/div><\/a><\/div><\/div><div class=\"element be-hoverlay not-wide no-wide-width-height style3-hover c_to_c style3-title\"style=\"margin-bottom: 40px;\" data-category-names = \"mobiliario-personalizado \"><div class=\"element-inner\" style=\"margin-left: 40px;\"><a href=\"https:\/\/52.pt\/make\/portfolio\/balcao-recepcao\/\" class=\" thumb-wrap   \" data-gdpr-atts={} title=\"balcao_impact_house_00\" ><div class=\"flip-wrap\" ><div   style = \"padding-bottom : 62.5%;;\" class=\"flip-img-wrap\"><img src=\"https:\/\/i0.wp.com\/52.pt\/make\/wp-content\/uploads\/2020\/12\/balcao_impact_house_00.jpg?resize=650%2C406&ssl=1\" alt=\"\"\/><\/div><\/div><div class=\"thumb-overlay \"><div class=\"thumb-bg \" ><div class=\"thumb-title-wrap \"><div class=\"thumb-title animated animation-trigger\" data-animation-type=\"none\">Balc\u00e3o Recep\u00e7\u00e3o<\/div><div class=\"portfolio-item-cats animated animation-trigger\" data-animation-type=\"none\"><span>Mobili\u00e1rio personalizado<\/span><\/div><\/div><\/div><\/div><\/a><\/div><\/div><div class=\"element be-hoverlay not-wide no-wide-width-height style3-hover c_to_c style3-title\"style=\"margin-bottom: 40px;\" data-category-names = \"mobiliario-personalizado \"><div class=\"element-inner\" style=\"margin-left: 40px;\"><a href=\"https:\/\/52.pt\/make\/portfolio\/balcao-bar\/\" class=\" thumb-wrap   \" data-gdpr-atts={} title=\"bar_impact_house_04\" ><div class=\"flip-wrap\" ><div   style = \"padding-bottom : 62.5%;;\" class=\"flip-img-wrap\"><img src=\"https:\/\/i0.wp.com\/52.pt\/make\/wp-content\/uploads\/2020\/12\/bar_impact_house_04.jpg?resize=650%2C406&ssl=1\" alt=\"\"\/><\/div><\/div><div class=\"thumb-overlay \"><div class=\"thumb-bg \" ><div class=\"thumb-title-wrap \"><div class=\"thumb-title animated animation-trigger\" data-animation-type=\"none\">Balc\u00e3o Bar<\/div><div class=\"portfolio-item-cats animated animation-trigger\" data-animation-type=\"none\"><span>Mobili\u00e1rio personalizado<\/span><\/div><\/div><\/div><\/div><\/a><\/div><\/div><div class=\"element be-hoverlay not-wide no-wide-width-height style3-hover c_to_c style3-title\"style=\"margin-bottom: 40px;\" data-category-names = \"mobiliario-personalizado \"><div class=\"element-inner\" style=\"margin-left: 40px;\"><a href=\"https:\/\/52.pt\/make\/portfolio\/roupeiro\/\" class=\" thumb-wrap   \" data-gdpr-atts={} title=\"roupeiro_arrobas_00\" ><div class=\"flip-wrap\" ><div   style = \"padding-bottom : 62.5%;;\" class=\"flip-img-wrap\"><img src=\"https:\/\/i0.wp.com\/52.pt\/make\/wp-content\/uploads\/2020\/12\/roupeiro_arrobas_00.jpg?resize=650%2C406&ssl=1\" alt=\"\"\/><\/div><\/div><div class=\"thumb-overlay \"><div class=\"thumb-bg \" ><div class=\"thumb-title-wrap \"><div class=\"thumb-title animated animation-trigger\" data-animation-type=\"none\">Roupeiro<\/div><div class=\"portfolio-item-cats animated animation-trigger\" data-animation-type=\"none\"><span>Mobili\u00e1rio personalizado<\/span><\/div><\/div><\/div><\/div><\/a><\/div><\/div><div class=\"element be-hoverlay not-wide no-wide-width-height style3-hover c_to_c style3-title\"style=\"margin-bottom: 40px;\" data-category-names = \"exterior \"><div class=\"element-inner\" style=\"margin-left: 40px;\"><a href=\"https:\/\/52.pt\/make\/portfolio\/casa-infantil-de-madeira-2\/\" class=\" thumb-wrap   \" data-gdpr-atts={} title=\"casa_infantil_00\" ><div class=\"flip-wrap\" ><div   style = \"padding-bottom : 62.5%;;\" class=\"flip-img-wrap\"><img src=\"https:\/\/i0.wp.com\/52.pt\/make\/wp-content\/uploads\/2020\/12\/casa_infantil_00-3.jpg?resize=650%2C406&ssl=1\" alt=\"\"\/><\/div><\/div><div class=\"thumb-overlay \"><div class=\"thumb-bg \" ><div class=\"thumb-title-wrap \"><div class=\"thumb-title animated animation-trigger\" data-animation-type=\"none\">Casa Infantil de Madeira<\/div><div class=\"portfolio-item-cats animated animation-trigger\" data-animation-type=\"none\"><span>Exterior<\/span><\/div><\/div><\/div><\/div><\/a><\/div><\/div><\/div><div class=\"trigger_infinite_scroll portfolio_infinite_scroll\" data-type=\"portfolio\"><\/div><\/div><\/div><\/div><\/div><div class = \"tatsu-column-bg-image-wrap\"><div class = \"tatsu-column-bg-image\" ><\/div><\/div><div class=\"tatsu-overlay tatsu-column-overlay tatsu-animate-none\" ><\/div><\/div><style>.tatsu-row > .tatsu-Vj0HHusG-.tatsu-column{width: 100%;}.tatsu-Vj0HHusG-.tatsu-column > .tatsu-column-inner > .tatsu-column-overlay{mix-blend-mode: normal;}.tatsu-Vj0HHusG- > .tatsu-column-inner > .tatsu-top-divider{z-index: 9999;}.tatsu-Vj0HHusG- > .tatsu-column-inner > .tatsu-bottom-divider{z-index: 9999;}.tatsu-Vj0HHusG- > .tatsu-column-inner > .tatsu-left-divider{z-index: 9999;}.tatsu-Vj0HHusG- > .tatsu-column-inner > .tatsu-right-divider{z-index: 9999;}@media only screen and (max-width:1377px) {.tatsu-row > .tatsu-Vj0HHusG-.tatsu-column{width: 100%;}}@media only screen and (min-width:768px) and (max-width: 1024px) {.tatsu-row > .tatsu-Vj0HHusG-.tatsu-column{width: 100%;}}@media only screen and (max-width: 767px) {.tatsu-row > .tatsu-Vj0HHusG-.tatsu-column{width: 100%;}}<\/style><\/div><\/div><\/div><\/div><div class=\"tatsu-section-background-wrap\"><div class = \"tatsu-section-background\" ><\/div><\/div><div class=\"tatsu-overlay tatsu-section-overlay\"><\/div><style>.tatsu-G_GMyoURX0 .tatsu-section-pad{padding: 21px 0px 90px 0px;}.tatsu-G_GMyoURX0 .tatsu-section-offset-wrap{transform: translateY(-0px);}.tatsu-G_GMyoURX0 > .tatsu-top-divider{height: 9px;color: rgba(151,105,3,0.2) ;z-index: 9999;}.tatsu-G_GMyoURX0 > .tatsu-bottom-divider{z-index: 9999;}.tatsu-G_GMyoURX0 .tatsu-section-overlay{mix-blend-mode: normal;}@media only screen and (max-width: 767px) {.tatsu-G_GMyoURX0 > .tatsu-top-divider{height: 1px;}}<\/style><\/div>\n","protected":false},"excerpt":{"rendered":"<p><a href=\"https:\/\/52.pt\/make\/portfolio\/casa-infantil-de-madeira-2\/\" class=\"more-link style1-button\">Read More<\/a><\/p>","protected":false},"author":1,"featured_media":0,"parent":0,"menu_order":0,"comment_status":"closed","ping_status":"closed","template":"","meta":{"_mi_skip_tracking":false},"_links":{"self":[{"href":"https:\/\/52.pt\/make\/wp-json\/wp\/v2\/pages\/790"}],"collection":[{"href":"https:\/\/52.pt\/make\/wp-json\/wp\/v2\/pages"}],"about":[{"href":"https:\/\/52.pt\/make\/wp-json\/wp\/v2\/types\/page"}],"author":[{"embeddable":true,"href":"https:\/\/52.pt\/make\/wp-json\/wp\/v2\/users\/1"}],"replies":[{"embeddable":true,"href":"https:\/\/52.pt\/make\/wp-json\/wp\/v2\/comments?post=790"}],"version-history":[{"count":14,"href":"https:\/\/52.pt\/make\/wp-json\/wp\/v2\/pages\/790\/revisions"}],"predecessor-version":[{"id":852,"href":"https:\/\/52.pt\/make\/wp-json\/wp\/v2\/pages\/790\/revisions\/852"}],"wp:attachment":[{"href":"https:\/\/52.pt\/make\/wp-json\/wp\/v2\/media?parent=790"}],"curies":[{"name":"wp","href":"https:\/\/api.w.org\/{rel}","templated":true}]}}