{"id":1112,"date":"2020-07-23T17:21:57","date_gmt":"2020-07-23T17:21:57","guid":{"rendered":"https:\/\/52.pt\/make\/?post_type=product&#038;p=1112"},"modified":"2023-07-13T10:33:39","modified_gmt":"2023-07-13T10:33:39","slug":"amalia-rodrigues","status":"publish","type":"product","link":"https:\/\/52.pt\/make\/product\/amalia-rodrigues\/","title":{"rendered":"Am\u00e1lia Rodrigues"},"content":{"rendered":"","protected":false},"excerpt":{"rendered":"<p><strong>Jarra de parede<\/strong><\/p>\n<p>Para flores secas ou artificiais. Para uso de flores naturais, inserir um recipiente com \u00e1gua.<br \/>\nFlores e plantas n\u00e3o inclu\u00eddas.<\/p>\n<p>FEITO \u00c0 M\u00c3O em Portugal.<\/p>\n<p>*<\/p>\n<p>Largura &#8211; 28 cm<br \/>\nAltura &#8211; 34 cm<br \/>\nProfundidade &#8211; 6,5 cm<br \/>\nValchromat cinza de 8 mm. Protec\u00e7\u00e3o \u00e0 base de \u00f3leos e ceras naturais, inodoro e seguro para pessoas, animais e plantas.<br \/>\nDevido \u00e0 natureza do material, pode apresentar pequenas varia\u00e7\u00f5es na cor ou padr\u00e3o.<\/p>\n<p><a href=\"https:\/\/52.pt\/make\/product\/amalia-rodrigues\/\" class=\"more-link style1-button\">Read More<\/a><\/p>","protected":false},"featured_media":1113,"template":"","meta":{"_mi_skip_tracking":false},"product_cat":[57],"product_tag":[],"_links":{"self":[{"href":"https:\/\/52.pt\/make\/wp-json\/wp\/v2\/product\/1112"}],"collection":[{"href":"https:\/\/52.pt\/make\/wp-json\/wp\/v2\/product"}],"about":[{"href":"https:\/\/52.pt\/make\/wp-json\/wp\/v2\/types\/product"}],"version-history":[{"count":1,"href":"https:\/\/52.pt\/make\/wp-json\/wp\/v2\/product\/1112\/revisions"}],"predecessor-version":[{"id":1424,"href":"https:\/\/52.pt\/make\/wp-json\/wp\/v2\/product\/1112\/revisions\/1424"}],"wp:featuredmedia":[{"embeddable":true,"href":"https:\/\/52.pt\/make\/wp-json\/wp\/v2\/media\/1113"}],"wp:attachment":[{"href":"https:\/\/52.pt\/make\/wp-json\/wp\/v2\/media?parent=1112"}],"wp:term":[{"taxonomy":"product_cat","embeddable":true,"href":"https:\/\/52.pt\/make\/wp-json\/wp\/v2\/product_cat?post=1112"},{"taxonomy":"product_tag","embeddable":true,"href":"https:\/\/52.pt\/make\/wp-json\/wp\/v2\/product_tag?post=1112"}],"curies":[{"name":"wp","href":"https:\/\/api.w.org\/{rel}","templated":true}]}}