{"id":1531,"date":"2022-09-06T09:54:16","date_gmt":"2022-09-06T09:54:16","guid":{"rendered":"https:\/\/52.pt\/make\/?post_type=product&#038;p=1531"},"modified":"2022-12-12T11:02:54","modified_gmt":"2022-12-12T11:02:54","slug":"anjo-da-guarda-1","status":"publish","type":"product","link":"https:\/\/52.pt\/make\/product\/anjo-da-guarda-1\/","title":{"rendered":"Anjo da Guarda #1"},"content":{"rendered":"","protected":false},"excerpt":{"rendered":"<p>Digigrafia em edi\u00e7\u00e3o limitada a 50 exemplares, numerada, assinada e acompanhada de certificado de autenticidade.<br \/>\nTrata-se de uma impress\u00e3o gicl\u00e9e de alta qualidade sobre papel Hahnem\u00fchle Photo Ragh,\u00a0308 gsm, 100% algod\u00e3o, acabamento liso, branco mate, livre de \u00e1cidos e de lignina e com baixo valor\u00a0de aditivos branqueadores \u00f3ticos, ISO 9706 \/ qualidade museogr\u00e1fica para maior durabilidade.<\/p>\n<p>Pode levar uma mensagem especial e personalizada, basta solicitar no ato da compra (enviando e-mail para mail@52.pt).<br \/>\n&#8211;<br \/>\nArt Print limited edition of 20 copies, numbered, signed and with certificate of authenticity. It is a high quality gicl\u00e9e print on Hahnem\u00fchle Photo Ragh paper,\u00a0308 gsm, 100% cotton, smooth, matt white, acid- and lignin-free, with low value of optical brightening additives,\u00a0ISO 9706 conform \/ museum quality for highest age resistance.<\/p>\n<pre id=\"tw-target-text\" class=\"tw-data-text tw-text-large tw-ta\" dir=\"ltr\" data-placeholder=\"Tradu\u00e7\u00e3o\"><em><span class=\"Y2IQFc\" lang=\"en\">It can take a special and personalized message, just request it at purchase (by email to mail@52.pt).<\/span><\/em><\/pre>\n<p><b>Formato:<\/b><br \/>\n30x40cm<\/p>\n<p><a href=\"https:\/\/52.pt\/make\/product\/anjo-da-guarda-1\/\" class=\"more-link style1-button\">Read More<\/a><\/p>","protected":false},"featured_media":1516,"template":"","meta":{"_mi_skip_tracking":false},"product_cat":[80],"product_tag":[],"_links":{"self":[{"href":"https:\/\/52.pt\/make\/wp-json\/wp\/v2\/product\/1531"}],"collection":[{"href":"https:\/\/52.pt\/make\/wp-json\/wp\/v2\/product"}],"about":[{"href":"https:\/\/52.pt\/make\/wp-json\/wp\/v2\/types\/product"}],"version-history":[{"count":4,"href":"https:\/\/52.pt\/make\/wp-json\/wp\/v2\/product\/1531\/revisions"}],"predecessor-version":[{"id":1599,"href":"https:\/\/52.pt\/make\/wp-json\/wp\/v2\/product\/1531\/revisions\/1599"}],"wp:featuredmedia":[{"embeddable":true,"href":"https:\/\/52.pt\/make\/wp-json\/wp\/v2\/media\/1516"}],"wp:attachment":[{"href":"https:\/\/52.pt\/make\/wp-json\/wp\/v2\/media?parent=1531"}],"wp:term":[{"taxonomy":"product_cat","embeddable":true,"href":"https:\/\/52.pt\/make\/wp-json\/wp\/v2\/product_cat?post=1531"},{"taxonomy":"product_tag","embeddable":true,"href":"https:\/\/52.pt\/make\/wp-json\/wp\/v2\/product_tag?post=1531"}],"curies":[{"name":"wp","href":"https:\/\/api.w.org\/{rel}","templated":true}]}}