{"id":1624,"date":"2022-12-11T10:49:07","date_gmt":"2022-12-11T10:49:07","guid":{"rendered":"https:\/\/52.pt\/make\/?post_type=product&#038;p=1624"},"modified":"2022-12-12T11:00:52","modified_gmt":"2022-12-12T11:00:52","slug":"es-unico","status":"publish","type":"product","link":"https:\/\/52.pt\/make\/product\/es-unico\/","title":{"rendered":"\u00c9s \u00fanico"},"content":{"rendered":"","protected":false},"excerpt":{"rendered":"<p>Esta obra faz parte da S\u00e9rie I de uma edi\u00e7\u00e3o limitada de 10 exemplares, numerados\u00a0e assinados. Trata-se de uma collage de uma impress\u00e3o gicl\u00e9e de alta qualidade em papel de desenho branqueado sem cloro, sens\u00edvel \u00e0 luz, sobre papel de desenho Canson de 200gsm. \u00c9 uma reprodu\u00e7\u00e3o intervencionada, com a caracter\u00edstica de se deixar amarelecer com a passagem do tempo, adquirindo cada exemplar um car\u00e1cter \u00fanico.<span class=\"Apple-converted-space\">\u00a0Acompanhada de Certificado de Autenticidade.<br \/>\n<\/span>&#8211;<br \/>\n<i>This work is part of Series I of a limited edition of 10 copies, numbered and signed. This is a collage of a high quality gicl\u00e9e print on bleached, light-sensitive, chlorine-free drawing paper on 200gsm Canson drawing paper, with the characteristic of letting itself yellow with the passage of time, each copy acquiring a unique character. It goes\u00a0with\u00a0Certificate of Authenticity.<\/i><\/p>\n<p><b>Formato:<\/b><br \/>\n30x40cm<\/p>\n<p><a href=\"https:\/\/52.pt\/make\/product\/es-unico\/\" class=\"more-link style1-button\">Read More<\/a><\/p>","protected":false},"featured_media":1625,"template":"","meta":{"_mi_skip_tracking":false},"product_cat":[80],"product_tag":[],"_links":{"self":[{"href":"https:\/\/52.pt\/make\/wp-json\/wp\/v2\/product\/1624"}],"collection":[{"href":"https:\/\/52.pt\/make\/wp-json\/wp\/v2\/product"}],"about":[{"href":"https:\/\/52.pt\/make\/wp-json\/wp\/v2\/types\/product"}],"version-history":[{"count":1,"href":"https:\/\/52.pt\/make\/wp-json\/wp\/v2\/product\/1624\/revisions"}],"predecessor-version":[{"id":1633,"href":"https:\/\/52.pt\/make\/wp-json\/wp\/v2\/product\/1624\/revisions\/1633"}],"wp:featuredmedia":[{"embeddable":true,"href":"https:\/\/52.pt\/make\/wp-json\/wp\/v2\/media\/1625"}],"wp:attachment":[{"href":"https:\/\/52.pt\/make\/wp-json\/wp\/v2\/media?parent=1624"}],"wp:term":[{"taxonomy":"product_cat","embeddable":true,"href":"https:\/\/52.pt\/make\/wp-json\/wp\/v2\/product_cat?post=1624"},{"taxonomy":"product_tag","embeddable":true,"href":"https:\/\/52.pt\/make\/wp-json\/wp\/v2\/product_tag?post=1624"}],"curies":[{"name":"wp","href":"https:\/\/api.w.org\/{rel}","templated":true}]}}